(-9)/48). Let j(v) = -v**2 - 7*v - 3. What is j(c)?
-11
Let c(w) = 2*w + 4. Let t = 58 + 49. Let j = t + -111. Calculate c(j).
-4
Suppose -5*s + 123*q - 121*q + 34 = 0, 3*q = -5*s - 1. Let r(z) be the first derivative of -s*z**2 + 3*z**3 + 5*z - 1/4*z**4 + 18. Determine r(8).
5
Let s be (-15)/10 - 369/(-410)*15/9. Let y(g) = 3*g + 23. Determine y(s).
23
Let h(t) = 4*t - 23*t**2 - t**3 - 1551223 + 17*t + 1551159. Give h(-24).
8
Let i(f) = 2*f**2 + 6*f + 8. Suppose 27 = -7*u + 6. Let b be i(u). Let a(r) = r**3 - 9*r**2 + 5*r - 3. Calculate a(b).
-27
Let y(k) = -24*k - 42*k - 35*k + 98*k + 4. Suppose o = 2*o - 6. Calculate y(o).
-14
Let j(w) be the second derivative of 7*w**3/6 + w**2/2 + 531*w. Give j(1).
8
Let p be (63/(-2))/((-9)/36). Let r = p - 72. Suppose -5*j + 14 - r = 0. Let o(m) = m - 2. Determine o(j).
-10
Suppose 658*a - 4*t = 654*a + 40, t = -3*a + 2. Let m(p) = -22*p + 66. What is m(a)?
0
Let r = -16 - -12. Let c(j) = -3*j - 30. Let x(q) be the first derivative of q + 48. Let a(d) = -2*c(d) - 54*x(d). What is a(r)?
-18
Let g(m) be the second derivative of -5*m + 5*m**2 - 1/12*m**4 - 1/30*m**5 + 0 - 1/6*m**3. Let u(v) be the first derivative of g(v). Determine u(-1).
-1
Let a(k) = -k**3 + 3*k**2 + 31*k - 9. Let m be 4/21*(-14)/6 - 938/(-126). Give a(m).
12
Let f(q) = 60 - 126 + 3*q + 73 - q**2. Let m = -20 - -22. Suppose 3*g = 3*z - 15 - 15, m*z - 24 = 3*g. Calculate f(z).
-11
Let n(g) = 9*g**2 - 3*g + 1. Let r be n(1). Suppose 4*m = 5*h - 60, -h = r*m - 5*m + 2. Let f(s) = 0 + 6*s**2 - 2 - 3 + 2*s**2 - s**3 - s. Give f(h).
-13
Let b(a) be the first derivative of -3*a**2 + 51*a + 1360. Determine b(7).
9
Let i be 29 - 20 - (-11 - 7). Let p(t) = -t**2 + 24*t + 80. Give p(i).
-1
Let n(f) = 3*f**3 - 2*f**2 + 4*f - 2. Let m(j) = -j**3 - 1. Let y(x) = -2*m(x) - n(x). Suppose -35*q = -80 - 25. Give y(q).
-17
Let r(a) = 7*a - 3 + 2 + a + 0. Let y(j) = j**2 + 16*j - 1. Let f(o) = -5*r(o) + 2*y(o). What is f(5)?
13
Let a be ((-4)/(-8))/(2/24). Suppose u = a*u - 15. Suppose -x + 28 = 4*v + u*x, -4*x = v - 19. Let p(o) = o**3 - 2*o**2 + o + 4. Calculate p(v).
16
Let d(g) = -42217*g + 14*g**2 - 7*g**2 + 42221*g - 21 - g**3. Determine d(7).
7
Let t(g) = -1373*g + 6866. Let s be t(5). Let b(i) = 67*i + 3. What is b(s)?
70
Let q(s) = -98*s**2 - 17*s + 17. Let p(l) = -81*l**2 - 14*l + 14. Let u(w) = -17*p(w) + 14*q(w). Let f be -1*(4/(-2) - -3). Give u(f).
5
Let u(d) be the second derivative of -d**4/12 + d**3/6 + 5*d**2/2 + 2*d - 144. Determine u(-3).
-7
Let y = -1974 - -1978. Let k(m) be the first derivative of 3/2*m**2 - 2/3*m**3 - 2*m - 1/4*m**4 - y. Determine k(-3).
-2
Let s be -5*(0 - 1)*(-75)/(-125). Let d(q) = 16*q**3 + 20*q**3 - 37*q**s - 11*q**2 + 3. Give d(-11).
3
Let d(b) = -4*b + 11. Let p be d(5). Let f(w) = 2*w**2 - 1. Let m(y) = -11*y**2 + 10*y + 14. Let r(u) = 6*f(u) + m(u). What is r(p)?
-1
Let v(c) be the third derivative of 9*c - 13/8*c**4 + 7/3*c**3 - 2*c**2 + 7/20*c**5 + 0 - 1/120*c**6. Give v(19).
-5
Let c(h) = -12*h - 3. Let b be c(0). Let x(i) = -4*i**2 - 7*i - 2. Give x(b).
-17
Let z(k) be the first derivative of 2*k**2 + 25*k + 2337. Give z(-9).
-11
Let l be (-6 - (222/(-18) - -7))*(7 + 2). Let t(g) = -g**2 - 8*g - 3. Calculate t(l).
9
Suppose -a + 175 = 6*a. Suppose 22*x - a*x = -15. Let z(m) = 2*m - 3. Give z(x).
7
Let h(f) be the third derivative of 1/12*f**4 + 0 + 40*f**2 + 0*f - 1/6*f**3. What is h(7)?
13
Let w(z) = z**3 - 7*z**2 + z - 1. Let i(r) = -9 + 9*r - r**2 - 7 - 1 + 21. Let q be i(9). Suppose 0*p = 2*p - 4*s - 30, -q*p - 2*s = -20. What is w(p)?
6
Suppose 4*h + 5*x + 39 = 0, -553*h + 552*h - 3*x - 1 = 0. Let a(n) = -n**2 + 14 - 14*n**2 - n**3 + 9 + 17*n. Determine a(h).
7
Let y(z) = -78*z + 701. Let i be (-8)/(-5) - -148*(-8)/(-160). What is y(i)?
-1
Let c(a) = a**3 - 10*a**2 + 8*a + 12. Let o = 203 + -208. Let q be -2 - ((-5)/(o/(-1)) - 10). Calculate c(q).
3
Let q(p) = -1954*p - 2*p**3 + 656*p + 666*p + 3*p**3 - 25 - 33*p**2 + 665*p. What is q(32)?
7
Let b = 71 + -97. Let y be ((b - -1) + 4)*4/(-6). Let l(n) = n**3 - 2 - y + 13 - n**2. What is l(0)?
-3
Let o(j) = 2*j**2 + j. Let n be o(2). Let g = -5 + n. Let f(h) = g*h**2 + 27 - 36 - 4*h**2. What is f(0)?
-9
Let d(x) = -11*x**3 + x**2 - x. Let r = -20 + 23. Let o be (4 - -7) + -4 - 2. Let g be (-12)/((-15)/o) + (0 - r). Calculate d(g).
-11
Let q(j) be the first derivative of -21*j**2 - 253*j - 553. Calculate q(-6).
-1
Let q(s) = -2*s**2 - 7 + 0 + 2*s + 10*s - 3*s. Suppose -150 = -264*z + 239*z. Calculate q(z).
-25
Let s be 6/14 - (-6)/(-14). Suppose -3*b - 2*p - 3 = s, -5*b = 5*p + 5 - 0. Let h(g) = 50 - 27 + 2*g + 2*g**3 - 22 - 6*g**3 + 5*g**3. What is h(b)?
-2
Suppose 25*w = 21*w + 12. Let s(t) = t**2 - 3 + 17 - 11 - 5 + 2*t + w*t. Give s(-5).
-2
Let h be (-30)/(-75) + 26/10. Let r(l) = -228 - 6*l + 4*l + h*l + 222. Suppose -c - 2*c + 18 = 0. Determine r(c).
0
Suppose 0 = 13*b - 10*b + 5*r - 7, -r = -4*b - 29. Let q(j) = -4*j - 22. Let y be q(-7). Let w(n) = -6*n - 4*n + 14*n - y*n. What is w(b)?
12
Let y(q) = q**2 + q - 1. Suppose -11*h - 13*h = -26*h. Suppose -3*j = -3*f - 3, 5*j = -h*f + f - 15. Determine y(j).
11
Let a = 499 - 496. Let q(y) = -a*y**2 + 5*y**2 - y**3 - 9 + 6*y**2 - y**2 + 0*y**2 + 6*y. What is q(8)?
-25
Let m(u) be the first derivative of 2 + 3*u - 2 - u**2 - 5 + 3. Suppose -5 = -6*j - 35. Give m(j).
13
Let w(p) = 2*p - 2*p + 61*p**3 - 37*p**3 - p**2 - 65*p**3. Let u be 0 - (-2 + (-30)/(-12))*2. Give w(u).
40
Let u(w) = -7*w**2 + 11*w - 29. Let f(y) be the third derivative of -y**5/20 + 5*y**4/24 - 13*y**3/6 + 3*y**2 + 3. Let p(h) = 5*f(h) - 2*u(h). What is p(6)?
-25
Let h = -91 + 93. Let n(v) = -13*v + 11*v + v**2 + h + v**2 - 1. What is n(2)?
5
Let y(q) = 3*q + 9. Suppose 200*w - 209*w = 63. Calculate y(w).
-12
Let r(i) = 0*i - 66 + 30 + 33 - 2*i. Let w(q) = 3*q + 7. Suppose 3*u = -v + 2*v - 6, -5*v + 11 = 4*u. Let n(y) = v*w(y) + 5*r(y). Calculate n(8).
-2
Let f(z) = 155*z**2 - 1824 + 1827 + z**3 + 12*z - 140*z**2. Give f(-14).
31
Suppose 18*o - 14*o + 4*p - 20 = 0, -3*p = 4*o - 19. Let w(f) = f - 5. Give w(o).
-1
Suppose 4*w - 6 = 3*d + 2*d, -3*w + 20 = 4*d. Let c(k) = -k + d*k - 2 - 4. Let g(n) = -10*n**2 + 597*n + 798. Let t be g(61). Determine c(t).
-1
Let a(u) = -3*u**2 - 2*u - u + 2 - 13*u**2. Let d be -7 - 2 - (43 - (39 - -14)). What is a(d)?
-17
Let a(v) be the first derivative of 5*v**4/4 + 63*v**2/2 - v + 67. Let h(d) be the second derivative of a(d). Give h(-1).
-30
Let i be (-6)/(-39) + (-4)/26. Let p(y) = 0*y + 53 - 15 - 21 - 3*y - 22. What is p(i)?
-5
Let q(m) = m**2 - 8*m + 5. Suppose 5*s - 177 = 358. Let r = s + -171. Let p = r + 70. Calculate q(p).
-7
Let d(k) = -3*k**2 + 18*k - 5. Suppose 8*h = 3*h - 3*p + 33, 4*h = 5*p + 19. Determine d(h).
-5
Let l(f) be the second derivative of -f - 7/6*f**3 - 1/2*f**2 + 80 + 1/12*f**4. Give l(7).
-1
Suppose 0 = 2*j - 4*j + 6. Suppose 24*d - 149159 = 20*d - 5*n, 37277 = d - 3*n. Let y(v) = -6*v + d - 37286. Give y(j).
-18
Let v be 0 + 2 - (-1 - (4 - 5)). Let t(o) = -1 - 5*o**v + 6*o + 8*o - 12*o + 3*o**2 - o**3. What is t(1)?
-2
Let w = -92 + 91. Let x(q) = -4*q**3 + 4*q**2 + 3*q. Let i be x(w). Let t(c) = -c**2. Let f(g) = 3*g**2 - 5*g + 1. Let d(p) = f(p) + 2*t(p). Determine d(i).
1
Let v(d) = 2*d**3 + d**2 - 4*d - 5. Let a be ((-8)/(-6))/(-9 + 450/54). Give v(a).
-9
Suppose -5984 + 4859 = -75*r. Let g(b) = 2*b**3 - 31*b**2 + 16*b - 21. Give g(r).
-6
Suppose -5*l + 2*y - y - 11 = 0, 2 = -2*l + y. Let k(v) be the third derivative of v**4/8 + 3*v**3/2 - 4*v**2 + 1733*v. What is k(l)?
0
Let t(w) be the second derivative of w**3/6 + 7*w**2/2 + 8*w. Let a(h) = -2*h - 70. Let m be a(-29). Let q be m/9 - (-95)/15. What is t(q)?
12
Let s be -5 + -3 - 3/(-1). Let i(y) = 92*y - 6. Let c(p) = -33*p. Let h(x) = -3*c(x) - i(x). What is h(s)?
-29
Suppose 48 - 2 = 2*k - 5*j, -5*j + 53 = k. Let h = -29 + k. Let s(v) = v**3 - 4*v**2 + 2*v + 6. Determine s(h).
14
Let y(k) = 2*k**2 + 65*k + 328. Let o be y(-6). Let b(i) be the first derivative of -35 + 1/2*i**2 + o*i + 7/3*i**3 + 1/4*i**4. Calculate b(-7).
3
Let q(f) = f**3 - 10*f**2 + f - 5. Suppose -k - 10 = 3*d, 45*d = 49*d - 2*k. Suppose 0 = -3*z + z + 24. Let v = d + z. Calculate q(v).
5
Let l(s) be the second derivative of 5/3*s**3 + 